r when 83 is divided by o.
20
Let z(d) = d**3 - 12*d**2 + 3*d - 14. Let o be z(12). Suppose 85 = 5*s - 4*i, -2*s + 2*i = -o - 10. What is the remainder when 39 is divided by s?
18
Let l(k) = -k - 8. Let s be -5*2/(1 + -3). Let d be l(s). Let n(w) = -4*w - 29. What is the remainder when n(d) is divided by 13?
10
Suppose 5*o = 4*t - 319, -3*t - 162 = -5*t + 2*o. Suppose 3*c + t = 5*c. Calculate the remainder when c is divided by 11.
10
Calculate the remainder when 142 is divided by 3 - 3 - -5 - -20.
17
Let r = -82 - -199. What is the remainder when r is divided by 10?
7
Let o = -2 - -86. What is the remainder when 332 is divided by o?
80
Let y(c) be the third derivative of -5*c**4/24 + c**3/6 + 5*c**2. Let x be y(1). What is the remainder when 10/2*(-3 - x) is divided by 4?
1
Calculate the remainder when 50 is divided by (-348)/8*(-6)/9.
21
Let q(l) = -l**3 + 5*l**2 - 6*l + 4. Let r be q(3). Suppose -18 = -r*i + 126. Suppose -4*n + 51 + 1 = 0. What is the remainder when i is divided by n?
10
What is the remainder when (1 - 0)/(9/63) is divided by 3?
1
Let r = -1 + 2. Suppose 3*o + 3*y - 1 = 11, 0 = 4*y + 4. What is the remainder when o is divided by r?
0
What is the remainder when (82/(-4))/((-4)/8) is divided by ((-3)/(105/14))/(4/(-70))?
6
Let a(h) = -h**3 - 2*h**2 + 1. Let o be a(0). Calculate the remainder when 37 is divided by (-2 + o)*-13 + 0.
11
Suppose -d + 0*d = 0. Suppose -4*z + 508 = -d*z. Suppose 2*k + 5 - 63 = -2*l, 4*k + 140 = 4*l. Calculate the remainder when z is divided by l.
31
Let o = -62 - 33. Let y = 113 + o. Calculate the remainder when 67 is divided by y.
13
Calculate the remainder when (-5)/((-180)/(-2979))*-12 is divided by 71.
70
Let f = -44 - -67. Calculate the remainder when 54 is divided by f.
8
Let z(o) be the third derivative of o**5/60 - o**4/6 + 5*o**3/3 + 24*o**2. Calculate the remainder when 63 is divided by z(6).
19
Suppose -5*b + b = -40. Let x be (b - 5) + 0/(-1). Suppose -6 - 14 = -x*d. What is the remainder when 8 is divided by d?
0
Suppose 2*d = 3*d - 50. Let m be 2/6*(d - -1). Suppose 2*k + 1 = m. What is the remainder when 31 is divided by k?
7
Suppose -94 = -6*k + 404. Suppose 3*d - d = -5*i + k, -d + 49 = -5*i. What is the remainder when 128 is divided by d?
40
Let t(i) = -3*i**3 - 2*i + 4*i**3 - 3 + 0*i**2 - 2*i**2 + 0*i**3. Let r = -3 - -7. What is the remainder when 82 is divided by t(r)?
19
Suppose -17*a + 58 = 2*z - 20*a, -2*a = -z + 27. What is the remainder when z is divided by 10?
5
Let x = 51 - 25. Suppose -x - 2 = 4*i. Let n = i + 18. Calculate the remainder when n is divided by 7.
4
What is the remainder when 49 - 3*(-1 + 0) is divided by 54/1*(9/(-6) - -2)?
25
Let h(t) = -t**2 - 24*t - 32. Suppose 3*f = 4*f + 4*j + 13, 4*f + 65 = -3*j. What is the remainder when h(f) is divided by 18?
15
Let d(q) = q**2 - 44*q + 172. What is the remainder when 70 is divided by d(40)?
10
Let k be (-5 - -3)/(2/(-5)). Suppose k*m - 64 = -9. What is the remainder when (-616)/(-352) - 146/(-8) is divided by m?
9
Let r = -299 + 580. Calculate the remainder when r is divided by 11.
6
Suppose 31*x = 30*x + 32. Suppose 3*q + 3*d - 96 = 0, x = 4*q - 3*d - 89. Calculate the remainder when q is divided by 9.
4
Suppose 0 = -3*u + 22 + 14. Let w = -10 + 12. Suppose 94 = -0*n + w*n. Calculate the remainder when n is divided by u.
11
Let t = -61 + 77. Suppose -45 = -h + 43. Suppose -92 = -4*i + h. Calculate the remainder when i is divided by t.
13
Let i = 525 + -357. Calculate the remainder when i is divided by 17.
15
Suppose -d + 85 = 25. What is the remainder when (-42)/(-9)*(-1)/((-14)/d) is divided by 10?
0
Let c = -1292 + 1370. What is the remainder when 95 is divided by c?
17
What is the remainder when 5406/24 + 6/8 is divided by 57?
55
Suppose -26*f = -4*a - 22*f + 88, -3*a = f - 82. What is the remainder when a is divided by 15?
11
Suppose -20 = 17*p - 71. Suppose -3*k + p*s = -177, -2*s - 304 = -3*k - 2*k. What is the remainder when k is divided by 16?
14
Let o(s) = -3*s**3 - 2*s**2 - 5*s + 4. Let x be o(-3). Let l = 136 - x. Calculate the remainder when 323 is divided by l.
53
Let u = 87 - 80. Suppose -4*w = 3*q - 5*w - u, 5 = w. What is the remainder when 27 is divided by q?
3
Let j(k) = -3*k - 5. Let i be j(-6). Suppose -i*v + 17*v = 12. Let m(g) = 2*g - 5. What is the remainder when m(5) is divided by v?
2
Suppose 5*h = 4*w + 2, 16*h - 21*h = -2*w - 6. What is the remainder when 49 is divided by w?
1
Calculate the remainder when -1*2/10 - 6534/(-270) is divided by 9.
6
Suppose 0 = 5*z - 4*t + 31, -4*z + 2*z + 2*t = 14. Let r(n) = 7*n**2 + 5*n + 3. Suppose -h + 17 = 4. What is the remainder when r(z) is divided by h?
12
Let v(x) = 64*x - 5. Let r be v(2). Suppose 3*z + 2*s - 4*s = 120, 3*z - 3*s = r. Calculate the remainder when z is divided by 10.
8
Let n(p) = -4*p - 2. Let l be n(-1). Suppose 4*i + l*i - 72 = 0. Calculate the remainder when i is divided by 7.
5
Let j(x) = 5*x. Let y be (-78)/(-15) + (-4)/20. What is the remainder when j(y) is divided by 7?
4
Let x = 7 - 5. Suppose 0 = x*y + 4*d + 4, -2*d - 8 = 4*y - 4*d. What is the remainder when 26 is divided by (-1 - (-21)/(-6))*y?
8
Let u be 48/80 + 53/(-5). Let s(f) = f**2 + 6*f - 14. Calculate the remainder when 102 is divided by s(u).
24
What is the remainder when (-6)/(-4)*((-2124)/(-27) - 10) is divided by 24?
7
Suppose 448*d - 446*d - 44 = 0. What is the remainder when 98 is divided by d?
10
Let d = -27 + 27. Suppose 0 = -2*y + 4*v + 48, -73 = -d*y - 2*y - v. What is the remainder when 95 is divided by y?
27
Suppose 3*r = 4*r - 7. Let q be ((-60)/14)/((-1)/r). Suppose 5*p = -0*p + q. Calculate the remainder when 22 is divided by p.
4
Let m = 32 - 17. Let p(u) = -2*u + 36. What is the remainder when 20 is divided by p(m)?
2
Suppose 2*d + 2*i - 22 = 0, -2*d + i - 3 = -2*i. Suppose -2*q - 603 = -617. Calculate the remainder when q is divided by d.
1
Suppose 0 = 11*x - 9*x - 30. Let c be 1/(-6) - 33/18. Calculate the remainder when c/((-2)/(-3)) + 30 is divided by x.
12
Suppose -3*u + 4*r = -0*r + 76, -58 = 2*u + r. Let o = -27 - u. What is the remainder when 3 is divided by o?
0
Let s = 14 + -5. Let j = 8 - 6. Suppose 5*v = 5*m + 80, 1 = 3*m - j. What is the remainder when v is divided by s?
8
Let r(w) = -w**3 - 53*w**2 - 158*w - 297. Let z(a) = a + 36. Calculate the remainder when r(-50) is divided by z(0).
31
Let r be 12/4 - 2*1. What is the remainder when 22 is divided by 1/(r - 12/14)?
1
Let b(v) = v**2 - 3*v + 4. Let u be b(3). Suppose -2*k + u*k = 0. Suppose k = -2*l - 2*l + 304. What is the remainder when l is divided by 20?
16
Suppose 0 = 4*d + 4*v - 16, 4*d + 21 = 8*d - v. Suppose d*o - 45 = -0*o. Let f = -200 + 216. Calculate the remainder when f is divided by o.
7
Suppose 20 = -7*n - 8. What is the remainder when 23 is divided by 16*(n - 76/(-16))?
11
Let b(h) = h**3 + 11*h**2 - 3*h - 21. Let k(f) = -f**3 - 10*f**2 - 7*f + 7. Let u be k(-9). Calculate the remainder when 22 is divided by b(u).
10
Suppose -1106 = 10*u - 17*u. Suppose -2*j - 14 - 107 = -3*l, -4*l + j = -u. What is the remainder when l is divided by (-93)/(-9) + 4/6?
6
Suppose 0 = 3*u - 4*h - 57, 5*u - 95 = -12*h + 15*h. Calculate the remainder when 72 is divided by u.
15
Let a = 26 - 11. Suppose 0*g + a = 5*g. Suppose -t + 64 = g*t. Calculate the remainder when t is divided by 5.
1
What is the remainder when 50 is divided by (0 - 4/6) + (-2867)/(-183)?
5
Let d = 109 - -53. Let s = d - 55. Calculate the remainder when s is divided by 36.
35
Let m(r) = -r**2 - 15*r + 21. Calculate the remainder when m(-4) is divided by (2 - -16) + -1 + 0.
14
Suppose -3*q + 9 - 6 = 0, -98 = -3*i + q. Calculate the remainder when 144 is divided by i.
12
Let m(g) = g - 7. Let d be m(4). Let f = d + 8. Suppose -2*z = f*x - 79, 0 = -z - 0*z - 5*x + 42. Calculate the remainder when z is divided by 19.
18
Suppose 3*d - 6 = d. Let b be (-1)/(1/(-49)) + d. Suppose -h = -3*h + b. Calculate the remainder when 49 is divided by h.
23
What is the remainder when 19 is divided by (-1)/8 - (194/(-16) + 1)?
8
Let m(x) = x**2 + 7*x - 1. Let a be m(-8). Suppose 4*d - 8*d + 17 = 3*w, 0 = -d + 2*w + a. Calculate the remainder when 24 is divided by d.
4
Let t be (3 - (3 - 2))*1. Suppose 3*s - 45 = -2*x, -s - 4*s 